= 190*j + 2858. Give a(-15).
8
Let y(o) = -o**3 + 9*o**2 + 4*o + 59. What is y(8)?
155
Let i(g) = 40*g + 856. Determine i(-19).
96
Let b(c) = -c**2 + 6*c + 51. Calculate b(10).
11
Let x(t) = 8*t + 440. Calculate x(-17).
304
Let w(r) = -2*r**3 - 26*r**2 + 33*r + 147. What is w(-14)?
77
Let i(z) = z**3 - 8*z**2 + 14*z - 10. Give i(6).
2
Let r(c) = -c**2 - 260*c - 773. What is r(-3)?
-2
Let f(a) = -133*a**2 - a - 2. Determine f(-1).
-134
Let l(w) = -w**2 - 769*w - 23585. Calculate l(-32).
-1
Let r(i) = -19*i + 1151. Determine r(62).
-27
Let z(w) = -18*w**2 + 15*w - 1. Calculate z(2).
-43
Let n(t) = -3*t**2 + 53*t + 219. What is n(-4)?
-41
Let d(c) = -40*c**2 + 3*c + 4. What is d(-2)?
-162
Let i(w) = 2*w**3 - 176*w**2 + 1278*w + 192. Give i(80).
32
Let c(q) = -q**3 + 23*q**2 + 101*q + 145. What is c(27)?
-44
Let s(x) = -258*x + 1821. Determine s(7).
15
Let r(p) = -2*p**3 + 28*p**2 - 3*p + 24. Give r(14).
-18
Let s(z) = 9*z**2 + 10*z + 1. What is s(2)?
57
Let x(u) = u**3 - 97*u**2 + 102*u - 545. Determine x(96).
31
Let d(b) = -35*b**2 + 33*b - 31. Determine d(1).
-33
Let j(n) = -n**2 - 104*n - 1347. Determine j(-89).
-12
Let v(o) = 11*o**3 - 26*o**2 - 25*o + 2. Determine v(-1).
-10
Let f(v) = v**3 - 20*v**2 - 34*v + 1012. Calculate f(19).
5
Let g(w) = -w**3 + 5*w**2 + 68*w - 335. What is g(8)?
17
Let w(h) = -727*h + 1460. What is w(2)?
6
Let x(j) = 15*j - 109. What is x(4)?
-49
Let u(z) = 5*z + 223. Determine u(-73).
-142
Let d(k) = -2*k**3 + 18*k**2 + k + 12. Calculate d(8).
148
Let t(d) = 236*d + 927. What is t(-4)?
-17
Let r(h) = 9*h - 29. Give r(15).
106
Let p(y) = 151*y**2 + 4*y + 2. Determine p(-1).
149
Let f(v) = v**2 - 73*v + 179. Determine f(70).
-31
Let t(f) = -f**3 + f**2 + 3. Determine t(5).
-97
Let x(n) = n**2 + 348*n - 12993. Determine x(34).
-5
Let p(n) = -n**3 + 42*n**2 - 78*n + 1507. What is p(41)?
-10
Let u(h) = -285*h - 2598. Determine u(-9).
-33
Let y(j) = -j**2 - 1928*j + 17436. What is y(9)?
3
Let p(f) = f**3 + 27*f**2 - 85*f + 66. What is p(-30)?
-84
Let x(c) = 2559*c - 7691. Give x(3).
-14
Let b(u) = -3*u**3 + 302*u**2 + 721*u - 3. What is b(103)?
-3
Let j(k) = 169*k + 31270. Calculate j(-185).
5
Let l(w) = -1291*w + 34855. Give l(27).
-2
Let v(u) = u**3 + 192*u**2 - 529*u - 27370. Give v(-194).
-16
Let y(q) = 3*q**3 + 4*q**2 + 237*q + 467. What is y(-2)?
-15
Let u(q) = -11*q**2 + 1192*q + 1980. What is u(110)?
0
Let b(f) = -45*f + 328. Calculate b(13).
-257
Let z(w) = -12*w**2 + 425*w - 155. Calculate z(35).
20
Let r(j) = 42*j - 83. Determine r(7).
211
Let a(p) = -p**3 - 20*p**2 - 22*p + 59. Give a(-20).
499
Let b(h) = 12*h**3 - 16*h**2 - 15*h. Determine b(-1).
-13
Let r(v) = v**3 + 3*v**2 - 210*v - 40. What is r(-16)?
-8
Let v(t) = t**3 - 19*t**2 + 16*t - 46. Give v(17).
-352
Let c(u) = 3*u - 24. Determine c(7).
-3
Let p(j) = -j**2 + 142*j - 2079. Determine p(17).
46
Let k(g) = -g**2 + 20*g + 379. Calculate k(-13).
-50
Let r(g) = -1828*g + 12791. Give r(7).
-5
Let h(c) = -42*c**2 - 1170*c + 86. Calculate h(-28).
-82
Let c(i) = -59*i + 531. Calculate c(9).
0
Let p(a) = 47*a + 15. Give p(-9).
-408
Let w(y) = y**2 + 71*y + 1224. Give w(-39).
-24
Let o(y) = y**2 + 100*y + 416. Give o(-96).
32
Let c(a) = 32*a**3 + 3*a**2 - 5*a + 3. Give c(1).
33
Let y(u) = -90*u + 402. Calculate y(4).
42
Let j(v) = -v**3 - 48*v**2 + 519*v + 346. Calculate j(-57).
4
Let o(j) = -j**3 - 6*j**2 + 52*j - 25. What is o(5)?
-40
Let k(l) = -483*l + 1926. Give k(4).
-6
Let o(r) = -r**2 + 165*r + 1465. Calculate o(-9).
-101
Let m(o) = -o**2 + 94*o - 986. Calculate m(12).
-2
Let l(s) = -1410*s - 1407. Calculate l(-1).
3
Let v(l) = 114*l - 58. Determine v(-2).
-286
Let g(z) = 6*z - 47. Determine g(-7).
-89
Let f(v) = v**3 + 20*v**2 + 15*v - 24. Calculate f(-19).
52
Let b(j) = 2*j**2 + 68*j - 162. Determine b(-36).
-18
Let m(y) = 6*y + 269. What is m(-32)?
77
Let z(v) = 9*v + 8. What is z(-7)?
-55
Let x(t) = -t**3 - 29*t**2 - 62*t - 208. What is x(-27)?
8
Let a(c) = -2*c + 79. Give a(36).
7
Let d(s) = s**3 + 13*s**2 - 51*s - 39. Calculate d(-15).
276
Let g(f) = -2*f**3 - 10*f**2 + 169*f + 16. Determine g(7).
23
Let i(x) = -27*x - 118. Calculate i(-9).
125
Let a(h) = h**3 - 11*h**2 + 12*h + 2. What is a(10)?
22
Let n(i) = -i**2 - 217*i + 899. Give n(4).
15
Let t(x) = -411*x**2 + 5340*x + 10. Calculate t(13).
-29
Let m(z) = 2*z**2 + 31*z - 2299. Calculate m(27).
-4
Let b(j) = 225*j + 12824. Give b(-57).
-1
Let x(k) = -26*k**2 - 53*k - 150. Give x(-3).
-225
Let m(d) = -d**3 + 104*d**2 + 2338*d - 131. Give m(123).
-8
Let z(o) = -o**3 + 5*o**2 + 88*o - 510. Give z(6).
-18
Let l(v) = 55*v + 2906. Calculate l(-53).
-9
Let u(a) = -42*a - 257. What is u(-14)?
331
Let o(b) = b**3 + 84*b**2 + 238*b - 234. Determine o(-81).
171
Let g(k) = -32*k + 1002. Give g(29).
74
Let t(x) = x**2 - 17*x + 28. Give t(2).
-2
Let o(c) = -c**3 - 13*c**2 - 24*c - 87. Give o(-11).
-65
Let k(d) = -2*d**3 - 417*d**2 - 221*d - 2703. Determine k(-208).
1
Let p(r) = 9*r**2 + 139*r + 238. What is p(-2)?
-4
Let a(c) = -c**3 - 3*c**2 + 27*c + 97. What is a(-6)?
43
Let j(r) = -r**2 - 1827*r - 9101. What is j(-5)?
9
Let x(c) = -10*c + 459. Give x(45).
9
Let t(o) = -34*o - 1057. Determine t(-39).
269
Let v(k) = -3*k**3 + 130*k**2 + 264*k - 1755. Give v(45).
0
Let q(w) = w**3 - 29*w**2 - 94*w - 53. What is q(32)?
11
Let t(c) = 145*c + 401. Give t(-6).
-469
Let q(k) = 140*k + 1406. Calculate q(-10).
6
Let g(j) = 2*j**2 + 8*j + 74. What is g(-6)?
98
Let a(f) = 67*f**2 - 12*f + 17. Calculate a(2).
261
Let x(z) = z**2 + 249*z - 498. Give x(2).
4
Let d(q) = -519*q - 2085. What is d(-4)?
-9
Let h(b) = -b**2 - 103*b - 1710. What is h(-17)?
-248
Let h(d) = 2*d**2 + 10*d - 60. Give h(-11).
72
Let s(u) = 211*u**3 + 634*u**2 - 3*u - 9. Give s(-3).
9
Let u(w) = 65*w + 7654. Give u(-118).
-16
Let v(n) = 3*n**3 + 94*n**2 - 381*n + 125. Give v(-35).
-15
Let j(b) = -1768*b - 70720. Give j(-40).
0
Let r(s) = -s**3 + 13*s**2 - 55*s + 6. Determine r(7).
-85
Let r(z) = z**3 + 7*z**2 - 25*z - 75. Calculate r(-9).
-12
Let f(x) = x**2 - 75*x + 1393. Calculate f(32).
17
Let p(r) = -4135*r + 28941. What is p(7)?
-4
Let p(g) = -941*g - 17843. What is p(-19)?
36
Let k(f) = -f**3 - 3*f**2 - 601. Give k(0).
-601
Let w(s) = -5*s**2 + 11*s - 4. Calculate w(3).
-16
Let q(k) = 87*k**2 + 6*k + 1. What is q(-3)?
766
Let h(z) = -26*z**2 + 90*z + 9. What is h(4)?
-47
Let f(a) = -42*a - 1551. Determine f(-40).
129
Let d(c) = 5321*c + 79815. What is d(-15)?
0
Let j(v) = -v**3 - 6*v**2 - 20*v - 25. Give j(-4).
23
Let u(r) = -3*r**2 + 4*r + 456. Give u(-11).
49
Let j(z) = z**3 + 31*z**2 + 7*z + 112. What is j(-31)?
-105
Let b(f) = -f**3 - 35*f**2 + 30*f - 192. What is b(-36)?
24
Let z(f) = 30*f**2 - 112*f - 26. Give z(4).
6
Let s(a) = -a**3 + 4*a**2 + 1601*a + 173. Calculate s(-38).
-17
Let b(c) = -c**2 - 33*c - 107. What is b(-21)?
145
Let v(w) = -w**3 - 8*w**2 + 35*w - 133. Calculate v(-12).
23
Let l(x) = -304*x + 3647. Give l(12).
-1
Let d(f) = 2*f**2 + 35*f + 117. Give d(-5).
-8
Let n(t) = -t**2 - 125*t - 2567. Give n(-26).
7
Let d(z) = -z**2 + 56*z - 240. Give d(51).
15
Let p(g) = -10210*g + 142931. Give p(14).
-9
Let w(u) = 44*u**2 + 139*u + 33. Give w(-3).
12
Let s(u) = u**2 - 43*u - 10. What is s(0)?
-10
Let h(y) = 18*y**2 - 896*y - 66. Determine h(50).
134
Let s(f) = -14*f - 587. Determine s(-39).
-41
Let u(f) = 209*f - 1480. Give u(7).
-17
Let x(s) = 51*s + 2423. What is x(-41)?
332
Let g(n) = -37*n**2 + 8504*n + 1394. Calculate g(230).
14
Let r(t) = -t**2 - 61*t - 758. Determine r(-16).
-38
Let b(r) = -r**3 - 11*r**2 - 36*r - 93. Calculate b(-7).
-37
Let w(f) = 149*f - 1881. What is w(14)?
205
Let d(v) = 2*v**3 + 110*v**2 + 966*v - 23. Determine d(-11).
-1
Let x(c) = -5*c**2 + 106*c + 783. Determine x(-7).
-204
Let h(y) = -y - 14. Determine h(9).
-23
Let w(b) = -74*b + 153. Give w(2).
5
Let w(s) = s**3 + 25*s**2 - 46*s + 6. Give w(-26).
526
Let h(n) = 3*n**2 - 166*n + 1116. Determine h(7).
101
Let w(t) = t**2 - 64*t - 67. Give w(19).
-922
Let t(f) = 6*f**2 + 54*f + 118. Give t(-6).
10
Let d(h) = 13*h + 280. Give d(-16).
72
Let l(j) = 1414*j + 52325. Calculate l(-37).
7
Let p(y) = -y**2 - 65*y - 347. Calculate p(-6).
7
Let v(f) = -15*f - 227. Calculate v(-15).
-2
Let q(g) = -13*g - 657. Calculate q(-35).
-202
Let n(y) = -9*y 